f r and j.
12
Suppose -s - 5*w = -12, 0*w = 4*s - w - 6. Suppose 2*y + 2*a = 0, -y + s*a + a = 8. Let j be 3 + 9 + (y - 0). What is the highest common factor of j and 15?
5
Let k(x) = -x**3 - 8*x**2 - 8*x - 4. Let o(v) = v**3 + 10*v**2 + 2*v + 13. Let c be o(-10). Let w be k(c). Calculate the highest common factor of 21 and w.
3
Suppose -2*l - 68 + 263 = d, 0 = 4*l - 3*d - 405. Suppose 5*k - l = 31. Suppose -m + k = m. Calculate the highest common factor of m and 65.
13
Let a(r) = -2*r**3 + 4*r - 3. Let p be a(2). Suppose -2*x - 3*m = -72 + 28, -5*x = -5*m - 85. Let c = p + x. What is the greatest common factor of c and 8?
8
Suppose 2*n + 3*b = 8, -5*n - 3*b + 6*b + 62 = 0. Calculate the highest common factor of n and 10.
10
Let q(a) = 2*a - 7. Let m be q(7). Calculate the highest common divisor of m and 63.
7
Let z be 1/((36/80)/9). Calculate the highest common divisor of 4 and z.
4
Let g(o) = -o**2 + 13*o + 1. Let t = 32 - 19. Let c be g(t). What is the highest common divisor of c and 1?
1
Let h = 28 - -7. Let c(u) = 8*u - 2. Let r be c(2). Calculate the highest common factor of r and h.
7
Let r(n) = n**3 - 11*n**2 + 5*n + 15. Let g be (1/(-3))/(7/(-231)). Let i be r(g). What is the highest common factor of 28 and i?
14
Suppose 5*i - 15 = -2*c, 5*i - 15 - 5 = -c. Let k = i + 35. Calculate the highest common divisor of 60 and k.
20
Let v be 6/(-24) - (-20)/16. Calculate the highest common divisor of 11 and v.
1
Let x = 38 + -27. Suppose -1 = 4*o - 3*k - 0, -k = 4*o - x. Suppose 0 = o*w + 2*a - a - 51, 4*a = -3*w + 64. Calculate the highest common factor of w and 14.
14
Suppose -1189 = -3*h + 230. What is the greatest common factor of h and 43?
43
Let w be (-2)/((-18)/565) + 114/513. What is the greatest common divisor of w and 9?
9
Let d = 113 - 48. What is the highest common factor of d and 26?
13
Suppose 5*b + w - 46 = 0, 0*w + w = 4*b - 44. Suppose 16 + 24 = v. Calculate the highest common factor of v and b.
10
Let x = -13 + 18. Let j = 23 - 8. Calculate the highest common factor of x and j.
5
Let d(w) = w + 3. Let u be d(4). Suppose 5*z + f - 40 = 0, f + 50 = 5*z + 4*f. What is the greatest common divisor of u and z?
7
Let a(q) = q**3 - q**2 + 3*q - 3. Let i be a(2). Let l = 350 - 196. Suppose z = -z + l. Calculate the highest common factor of i and z.
7
Let w = -47 - -61. What is the highest common divisor of w and 42?
14
Suppose 3*z - 8*z + 720 = 0. Calculate the highest common factor of 18 and z.
18
Let x be ((-195)/(-6))/((-1)/(-2)). Let p be 1/((6/(-3))/770). Let j be (-1)/(-6) - p/30. What is the highest common factor of x and j?
13
Let x(a) = a**2 + 2*a - 3. Suppose 4*f - 6 = f + 5*j, -3*j + 10 = 5*f. Let d be x(f). Calculate the greatest common divisor of 55 and d.
5
Let y = -18 + 23. Suppose 2*u - 111 = -y*k, 4*k - k = -u + 67. What is the highest common divisor of 207 and k?
23
Let t = 7 + -7. Let s(q) = -q**3 + q**2 - 3. Let u be s(t). Let g be (528/u)/(1 - 2). Calculate the greatest common factor of 16 and g.
16
Suppose -1 = -i + 1. Let z(b) = 2*b**2 + 0*b + 4*b - 3*b + 1. Let s be z(i). Calculate the greatest common factor of 55 and s.
11
Suppose 10*t = 9*t + 5*k + 33, 4*t - 3*k = 183. Let n be -2 - -2 - -17 - 1. What is the greatest common factor of n and t?
16
Let g = 46 - 26. What is the highest common divisor of g and 160?
20
Let x be 1356/30 - 1/5. Suppose 4*l + 3*n - 129 = 0, 5*n + 11 = -5*l + 176. Calculate the highest common divisor of l and x.
15
Suppose -i - 4 = -2*d, 2*i = -i - 5*d + 21. Suppose i*y = 3*y. Suppose y*l - 24 = -3*l. What is the highest common factor of 8 and l?
8
Suppose 3*r + 4*w = 4, -5*w = 2*r - 7*r - 5. Suppose -v = -r*v, -3*q = v - 120. Calculate the greatest common factor of 20 and q.
20
Suppose 10*r - 220 = 6*r. What is the greatest common divisor of r and 22?
11
Let d be (4 + 0)*(-2)/(-4). Suppose -20 = -d*s + 4*k, 4*s + k - 3*k - 34 = 0. What is the highest common factor of s and 20?
4
Let n = -10 - -51. Suppose -19 = -3*o + n. What is the greatest common factor of o and 8?
4
Let t(z) be the first derivative of -z**4/4 - 3*z**3 - 4*z**2 + 5*z + 2. Suppose 5*x + 11 = -29. Let h be t(x). Calculate the highest common factor of 10 and h.
5
Let k(r) = 28*r**2 - r + 1. Let q be k(1). Suppose c - 1105 = 290. Let f be (-1)/(-4) + c/20. What is the greatest common divisor of q and f?
14
Let p(z) = 10*z - z**2 + z - 4*z - 3. Let j be p(4). Calculate the greatest common divisor of j and 1.
1
Let d = -6 + 3. Let x = 10 - d. What is the greatest common divisor of x and 13?
13
Let n = -61 - -91. Let r = -20 + n. Let w = -13 - -15. What is the greatest common factor of r and w?
2
Let z be ((-4)/(-3))/(-3 + (-173)/(-57)). What is the greatest common divisor of 38 and z?
38
Let d(u) = -3*u - 1. Let q be d(-4). Let f be 63/(-35)*20/(-6). Let a be ((-4)/(-10))/(f/15). Calculate the greatest common factor of a and q.
1
Let k be ((-2)/4)/(2/(-44)). What is the greatest common factor of k and 121?
11
Let m be (-6)/(-3) + -3 + 1. Suppose 2*j + a - 2 = m, a = 3*j - 4*a + 23. Let u be 14 + (j - (-1 - 2)). Calculate the highest common divisor of 40 and u.
8
Let v(p) = p**3 - 5*p**2 - 8*p - 23. Let y be v(7). Let r be 1/((-2)/(-38)*1). What is the highest common divisor of y and r?
19
Suppose 4 - 2 = o. Suppose -5*d + 8 = b - 8, -o*b - 8 = 0. Suppose 0 = d*i - 5*a - 60, -5*i + i - 3*a = -28. What is the greatest common factor of i and 20?
10
Suppose n - 130 = 2*u - n, 0 = -2*n + 6. Let t = -22 - u. Let f be 105/9 - (-40)/(-24). Calculate the greatest common factor of t and f.
10
Suppose 0 = -x + 5*x - 836. Let a = 10 - 7. Suppose -a*f = -6*f + 57. What is the highest common divisor of f and x?
19
Let i be 4/(-10) + (-12)/(-5). Suppose y + i*y - 72 = 0. What is the greatest common factor of y and 3?
3
Suppose -77 = o - 285. What is the highest common divisor of o and 13?
13
Suppose -3*r = -4*p + 5*p + 3, -r = 3*p + 1. Suppose 4*z = p, m - 2*z + 27 = 4*m. Let q = 45 - 9. Calculate the greatest common factor of m and q.
9
Suppose -l - 39 = -4*l. What is the greatest common factor of 143 and l?
13
Let m(a) = 5*a - 9. Let r = 8 + -13. Let s(f) = 5*f - 10. Let z(p) = r*s(p) + 6*m(p). Let h be z(3). What is the greatest common factor of h and 110?
11
Let m(n) = -78*n - 1. Let r be m(-1). Let d(a) = -a**3 + 9*a**2 + 11. Let k be d(9). Calculate the highest common divisor of k and r.
11
Let n be 4/6 - 95/3. Let m = -12 - n. Suppose 0*x + 4*h + m = -x, 4*x + 11 = -3*h. What is the greatest common factor of 1 and x?
1
Let w(y) = -y**2 + 7*y - 5. Let b be w(6). Suppose -2*s + b = 2*p - 3*p, -s = 0. Let a = 2 + p. Calculate the greatest common divisor of 1 and a.
1
Let n = -2 - -14. Let p = n + -7. Calculate the greatest common factor of 2 and p.
1
Let h(k) = 3 + 1 - 5*k**2 + 0*k**2 + 15*k**2 - 6*k. Let p be h(5). Calculate the greatest common divisor of 28 and p.
28
Suppose -2*w + 3*w - p = 5, -2*w + 4*p = -18. Let b be w/((0 - 1)*-1). Calculate the highest common factor of b and 11.
1
Let k(v) = 6*v + 3*v**2 - 2*v - v. Let h = -5 + 3. Let o be k(h). What is the highest common factor of o and 6?
6
Suppose -12*n = -885 - 1755. Calculate the highest common factor of 88 and n.
44
Let v(a) = a**3 + a**2 - 8*a + 3. Let s be v(5). Suppose -s = -d + 173. Calculate the highest common divisor of d and 26.
26
Suppose -55 = -3*y + 17. What is the greatest common factor of y and 8?
8
Let l(i) = -i**3 - 5*i**2 - i + 8. Suppose 0 = -2*n + 4*u + 4 - 0, 4*n + 4*u + 40 = 0. Let d be l(n). What is the greatest common factor of d and 10?
10
Suppose 4*z + 4 = -2*p, 4*z + 4*p - p + 4 = 0. Let h be (24/(-18))/(z/33). What is the greatest common divisor of 4 and h?
4
Suppose 180 = -8*t + 12*t. What is the greatest common factor of t and 9?
9
Suppose 27 = -4*d + 11, 196 = 5*q + d. What is the highest common factor of q and 10?
10
Suppose 12*a + 24 = 14*a. Calculate the highest common factor of a and 4.
4
Let z(m) = -23*m**3 - 2*m**2 + 1. Let c be z(-1). Calculate the highest common divisor of 2 and c.
2
Suppose 0 = -3*q + 2*x - 714, q + 4*x = 3*q + 484. Let b = -104 - q. Calculate the highest common divisor of 12 and b.
12
Let u be ((-16)/6 - -2)*-6. Suppose u*z + z = -4*b + 37, -5*b + 36 = -4*z. Let a = -22 - -34. What is the highest common diviso